Calculate 31 + (-32 - -7) + 11 - -72.
89
0 + -70 + -1 + (7 + 5 + 8 - 11)
-62
-13 + 0 + -34 + (41 - 14) + -14
-34
Calculate -16 - (4 + -11) - (-1 - -43 - (-4 + 10)).
-45
What is (139 - 126) + -3 + 1 + -2 + 35?
44
What is the value of 38 + 0 + (-805 - -779)?
12
1962 + -1975 - (-54 - 1)
42
Evaluate -19 + (-6 + (6 - -5) - -1 - (-99 - -110)).
-24
2789 + -2737 + (-1 - (-1 - 4))
56
(338 - 280) + (-3 - (0 - 0))
55
53 + (12 - (-1 - -1 - (91 - 95))) - 6
55
-1410 + 1379 - (-35 - -1)
3
Calculate (-27 + (-11 - 18) - -33) + -31.
-54
Calculate -8 + (-6 - -31) + 30.
47
Calculate -38 + 29 + 22 + 33 + -40 + (0 - 2).
4
Evaluate 38 + -2 + -12 + -21.
3
What is 15 + 1 + (-55 - (-12 - 2))?
-25
Evaluate -23 + -4 + (5 - -1) - (-227 - -66).
140
Evaluate -24 + -14 + 16 + 3 + 19 + 95.
95
(114 - (18 + (-14 - (-16 - 0) - 6))) + -5
95
What is the value of -158 - (2 + -14 + -27 + 42 + -18) - 5?
-148
-81 - (-151 + 79 - 4)
-5
Evaluate (16 + -13 + -23 - -77) + (7 - 3).
61
What is 16 + -10 + -10 + -7 + (22 - (30 - 167))?
148
Evaluate (7 - 5 - 2) + -26 + 8.
-18
-74 + 40 + 25 + -33
-42
41 - (98 - 54) - -7
4
-6 + (3 - (2 + -1)) - (96 + (-53 - 41))
-6
Calculate (1 + 26 - 48 - (1 - 15)) + -41.
-48
Calculate (-1 + 36 - 41) + -1 + -5 + 1.
-11
Evaluate -23 + -2 - (259 - 260) - -21.
-3
What is the value of -9 + (4 - (7 + -1 - (-3 - 17 - -11)))?
-20
Calculate (-2 - -2) + -3 - (-36 - (27 - 70)).
-10
What is -2 + 28 - (1873 + -1846)?
-1
Evaluate ((-8 - (10 - 11)) + 6 - (8 + 4)) + -128.
-141
Evaluate -37 - (49 - (-18 - -47) - 38).
-19
What is (-11 - 0 - (18 + -46) - 7) + -1 + -33?
-24
Calculate 60 + -105 + (27 - 29).
-47
What is the value of 31 + (-10 - 9 - (7 + 5 + -21))?
21
What is the value of -40 - (-4 + 1 + (6 - (2 + 3)) + 2)?
-40
Evaluate 32 + (-19 - -41 - 26 - (2 + -3)).
29
(-42 - -15) + 33 - (0 + (0 - -1)) - 61
-56
Evaluate 67 - (-10 + 20 + -5 - (-6 - 8)).
48
What is the value of 6 + 36 + -5 + (-9 - (-4 - (-4 + 0)))?
28
What is -46 - (-18 - (17 + -31) - (-13 - -16))?
-39
-11086 + 11091 - (-4 + 1 + (-1 - 30))
39
-4 - 20 - -23 - ((2 - -3) + (-24 - 4))
22
6 + 1 + 1544 + -1523
28
What is (17 - (-7 + 17)) + -8 - 1 - (54 + -12)?
-44
What is the value of (-17 + -5 - (-11 - 21)) + -70?
-60
What is -9 + -1 - (3 + -1 + 4) - 10?
-26
What is -2 + 6 - 32 - (-161 - -178)?
-45
What is the value of -226 - -219 - (19 + -1) - -19 - 18?
-24
Evaluate 6 - ((-6 + 0 - (-6 + -4)) + 20).
-18
Evaluate -56 + 2 - (5578 - 5570).
-62
What is the value of -1 + 48 + (8 - (294 + -379))?
140
What is the value of 8 - (-14 + 8 + -3 - (-12 + 3))?
8
What is the value of -151 + 267 + (-194 - -51)?
-27
Evaluate -15 + -41 + 72 - (84 - (2 - 2)).
-68
Calculate -26 + 43 + (3 - 96) + 25.
-51
What is 83 + (-36 + 26 - 50) - (-1 + 1 + 9)?
14
(0 - 0) + 4 + -5 - (-33 + 56 + -45)
21
5 - (-44 + 33 + 22 + (-2 - -1))
-5
What is 2 - (10 + (8 - -16)) - (-4 - 1)?
-27
What is 7 - (-6 + 4 - (-14 + 17 - 6))?
6
What is the value of 9 + 0 - (27 - 15 - -3 - 0) - 1?
-7
Evaluate -201 + 232 - (21 - -83).
-73
Calculate -99 + -38 + (109 - 57).
-85
-2 - (-1 - 1) - (-5 - (3 - -34))
42
Calculate 15948 - 15971 - (-102 + 0).
79
Evaluate (-24 - -10) + -18 + 18 + 90 + -11.
65
Evaluate 1 + (1 - -29) - (34 - (21 - -24)).
42
What is -223 + 243 + (-1 + -2 - 14)?
3
What is the value of 126 - (-41 - ((-2 - 19) + -195 + 194))?
145
What is 0 + 45 + (-34 - -110) + -58?
63
Calculate -1 - (8 - (-39 - -43) - (1 - -2)) - 8.
-10
Evaluate 16 + (1 - 3) + -6 + 2 + 10.
20
What is (101 - 120) + 147 + 2 + -22?
108
-16 + (37 + -21 - 22) + (-3 - -23)
-2
What is (54 - 9) + (-2 - (6 - 0) - (-6 - -3))?
40
Evaluate 8 + ((12 - 4) + 2 + -4 + -5 - -3).
12
10 + -3 + -70 + (-3 - (-1 + -4))
-61
What is the value of -1 - 1 - 8 - (-212 + 165)?
37
What is 110 + -50 + 127 + -75?
112
What is the value of -1 + -40 + (17 - 10 - 0 - -8)?
-26
What is -99 + 216 + -79 + -75?
-37
-20 + (47 - 88 - -19)
-42
What is (50 - 45) + (5 + -1 - (12 - 7)) + 8?
12
(-31 - (16 - 23) - -4) + 3 + 0 + -2
-19
-11 + -4 + 34 + 79 + -21 - 24
53
Calculate (-40 + 96 - 7) + 51.
100
Calculate 47 + -13 - -4 - 88.
-50
Calculate -118 + 0 - -117 - (-2 - (-1 - 0)).
0
Evaluate (-72 - -108) + -46 - (-64 + 0) - (-4 - 1).
59
Calculate (5 - -36) + (13 - (45 - 32)).
41
Evaluate 13 + (20 - -3 - 18) + 2 + 10.
30
Calculate 17 - (-15 - (-26 + 12 - -27 - 17)).
28
(5 - 5) + (-30 + 19 - (-2 + 6))
-15
Calculate -29 + 3 + 83 + -65.
-8
What is the value of -8 + (-23 - -26 - (0 - 0)) - -2?
-3
What is (-27 + 33 - (2 + -3 - -29)) + (131 - 131)?
-22
What is the value of 83 + (-92 - -41) - 68?
-36
What is -92 + 119 + 5 - (-1 + 1 - 1)?
33
25 + 29 + -99 - 6
-51
What is the value of -206 - (-114 + -69 + 96)?
-119
Calculate -6 - (3 + (-13 - -18 - 10)).
-4
Evaluate 10 - (-2 + 10 + 110) - (-8 - 5 - -18).
-113
What is the value of -34 - (1 + -50 + (-212 - -311))?
-84
4 + 8 - (-33 + -58 + 116)
-13
Evaluate -187 - -112 - (7 - ((-2 - -6) + (17 - 16))).
-77
What is -27484 + 27475 + (-22 - 0) + -2?
-33
Calculate -6 - ((4 - -9) + -1 + -4) - -41 - -11.
38
What is -7 - (-46 + 34 + -35)?
40
What is the value of -9 - ((10 - -1) + (-15 - -23)) - 9?
-37
-16 + (-11 - -31) + 3 - (-46 + 0) - 2
51
Calculate 5 + -5 + -7 - (52 + -61) - -18.
20
Evaluate 11 + -11 + -9 + 32 - (26 + -40).
37
Calculate -3 + (1 - (8 + (-3 - -5) + -122 + 118)).
-8
Calculate (-1 + 2 - 10) + 10 + 31 + -47.
-15
Calculate -8 + (-21 - -4) + (10 + -26 + 30 - 12).
-23
Evaluate 59 + -75 + 31 - (-1 - -86) - 9.
-79
(349 - 375) + 2 + 25 + 3
4
What is the value of -72 - (-10 + -5 - 131)?
74
What is -81 + (-39 - (13 + -102 + 37))?
-68
What is (-38 - (-14 - -9)) + (19 - 25)?
-39
What is (-12 - (-60 - 7)) + -24 + 10?
41
What is (31 - 1) + -31 + 20 + 30 + -20?
29
2 - (-37 - 1) - 0 - (0 + -32 + 30)
42
What is -881 + 831 + (69 - -5)?
24
What is the value of 27 - (99 - 36 - 63)?
27
Evaluate (6 - 30) + (23 - 14).
-15
What is 59 + -11 - (-749 + 863)?
-66
Calculate -2 + 54 - (2328 + -2244).
-32
What is the value of 31 + (59 - (-54 + 16)) - (2 - -1 - 2)?
127
-3 + -23 + 35 - (30 - 3) - 3 - 4
-25
-1 + -14 - (-66 - (-35 - 67))
-51
(-2 - 66) + 2346 + -2260
18
Evaluate -45 - -42 - (-129 - (-16 + -16)).
94
(-6 - 3) + 3 + 7 + 1 + 155 + -148
9
75 - (110 - (-80 + 69))
-46
-112 + 3 + (-45 - -21) + 37
-96
Calculate -135 - (-135 + 7) - ((1 - 1) + 24).
-31
Calculate 0 - (-10 + 12) - -18.
16
What is the value of -12 - (-5 + -18 + 3 + -3)?
11
What is (95 - (82 - 10)) + 56 + 1?
80
39 - (0 + -3 + -2319 + 2289)
72
-3 + (47 - 29) + -3 + -10
2
What is the value of 16 + 99 + -110 - (-28 - (-1 - -2))?
34
Evaluate 10 + (1 + 14 - 4) + 4.
25
(2 - 154 - -6) + (-9 + -88 - -92)
-151
-2 + -2 + 114 - ((-71 - -155) + -83)
109
-13 - (-20 - (-157 + 22)) - (-4 + 18)
-142
Evaluate 15 + (19 - (-41 + 23)) + -7 + 0.
45
(25 - 2) + (-15 - 41)
-33
What is 30 + 5 - (-12 + 68)?
-21
What is -32 + (4 - -1) + -9 + 28 + -12 + -17?
-37
58 + 0 + 100 - 14
144
Calculate -2 + 13 + (2 - 2) - ((159 - 112) + -51).
15
What is the value of (-26 - (-13 - -21)) + -128 + 123?
-39
What is 3 + 57 - (-121 + 215 + -121)?
87
Calculate 170 - (191 - 112) - 55.
36
Calculate -36 - -76 - (2 - -13).
25
What is the value of -6 - (0 + 3) - (19 - (-7 - -17) - -33)?
-51
Evaluate (4 - -41) + (7 - (22 - 24)) + (1 - 1).
54
What is the value of (2 + 9 - (-503 + 506)) + 17?
25
-6 + 158 - (-71 + 143)
80
What is 9 + 70 + -71 + -2 + 8 + 0 + 6?
20
Evaluate 44 + -113 + 11 - -36.
-22
What is the value of (78 - -60) + -134 + (0 - (60 + 1))?
-57
((50 - 22) + -23 - (1 + -3)) + 39
46
Evaluate (106 - 63) + -6 + -1 + (-12 - -7) + 1.
32
Calculate 14 + -4 - (-3 + 6 + (-6 - -26)).
-13
What is (684 - 689) + (3 - (-15 + -4))?
17
What is the value of (736 - 781) + (-5 - -58 - 0)?
8
Evaluate -26 - ((-9 - -29) + -10 + -23) - (-96 - -4).
79
Calculate -27 + (-15 - (-32 - -28)) + 115.
77
Evaluate -11 - (-79 - -60 - (0 + -3)).
5
Calculate -59 + -34 + 228 + -72.
63
2 + -5 + (-3 - (-20 + 1))
13
Evaluate -3 - -5 - (-305 - -395).
-88
Evaluate 13 - -26 - 6 - 14.
19
1 + 37 + 1 + -3408 + 3424
55
41 + (-87 - (-173 + 63))
64
What is the value of (1 - -46) + (7 - ((11 - 9) + 10) - 1)?
41
What is (17 - -2) + 592 + -608 - 44?
-41
What is the value of 22 + (-14 - (-46 + 1)) + -18?
35
Calculate (-61 + 93 - -46) + -128.
-50
What is 2 - 5 - (44 + (-15 - (-80 - -31)))?
-81
What is the value of -259 + 33 + 108 - -227?
109
Calculate 93 